{"id":1740,"date":"2022-12-05T10:06:43","date_gmt":"2022-12-05T15:06:43","guid":{"rendered":"https:\/\/www.connectwithus.ca\/event\/soiree-de-pates-de-charite\/"},"modified":"2022-12-05T10:06:43","modified_gmt":"2022-12-05T15:06:43","slug":"soiree-de-pates-de-charite","status":"publish","type":"tribe_events","link":"https:\/\/www.connectwithus.ca\/fr\/event\/soiree-de-pates-de-charite\/","title":{"rendered":"Soir\u00e9e de p\u00e2tes de charit\u00e9"},"content":{"rendered":"","protected":false},"excerpt":{"rendered":"","protected":false},"author":3,"featured_media":1733,"template":"","meta":{"_tribe_events_status":"","_tribe_events_status_reason":"","footnotes":""},"tags":[],"tribe_events_cat":[],"class_list":["post-1740","tribe_events","type-tribe_events","status-publish","has-post-thumbnail","hentry"],"yoast_head":"<!-- This site is optimized with the Yoast SEO plugin v27.3 - https:\/\/yoast.com\/product\/yoast-seo-wordpress\/ -->\n<title>Soir\u00e9e de p\u00e2tes de charit\u00e9 - Connections Early Years Family Centre<\/title>\n<meta name=\"robots\" content=\"index, follow, max-snippet:-1, max-image-preview:large, max-video-preview:-1\" \/>\n<link rel=\"canonical\" href=\"https:\/\/www.connectwithus.ca\/event\/soiree-de-pates-de-charite\/\" \/>\n<meta property=\"og:locale\" content=\"fr_FR\" \/>\n<meta property=\"og:type\" content=\"article\" \/>\n<meta property=\"og:title\" content=\"Soir\u00e9e de p\u00e2tes de charit\u00e9 - Connections Early Years Family Centre\" \/>\n<meta property=\"og:url\" content=\"https:\/\/www.connectwithus.ca\/event\/soiree-de-pates-de-charite\/\" \/>\n<meta property=\"og:site_name\" content=\"Connections Early Years Family Centre\" \/>\n<meta name=\"twitter:card\" content=\"summary_large_image\" \/>\n<script type=\"application\/ld+json\" class=\"yoast-schema-graph\">{\"@context\":\"https:\\\/\\\/schema.org\",\"@graph\":[{\"@type\":\"WebPage\",\"@id\":\"https:\\\/\\\/www.connectwithus.ca\\\/event\\\/soiree-de-pates-de-charite\\\/\",\"url\":\"https:\\\/\\\/www.connectwithus.ca\\\/event\\\/soiree-de-pates-de-charite\\\/\",\"name\":\"Soir\u00e9e de p\u00e2tes de charit\u00e9 - Connections Early Years Family Centre\",\"isPartOf\":{\"@id\":\"https:\\\/\\\/www.connectwithus.ca\\\/#website\"},\"primaryImageOfPage\":{\"@id\":\"https:\\\/\\\/www.connectwithus.ca\\\/event\\\/soiree-de-pates-de-charite\\\/#primaryimage\"},\"image\":{\"@id\":\"https:\\\/\\\/www.connectwithus.ca\\\/event\\\/soiree-de-pates-de-charite\\\/#primaryimage\"},\"thumbnailUrl\":\"https:\\\/\\\/www.connectwithus.ca\\\/wp-content\\\/uploads\\\/2022\\\/11\\\/1-1.png\",\"datePublished\":\"2022-12-05T15:06:43+00:00\",\"breadcrumb\":{\"@id\":\"https:\\\/\\\/www.connectwithus.ca\\\/event\\\/soiree-de-pates-de-charite\\\/#breadcrumb\"},\"inLanguage\":\"fr-FR\",\"potentialAction\":[{\"@type\":\"ReadAction\",\"target\":[\"https:\\\/\\\/www.connectwithus.ca\\\/event\\\/soiree-de-pates-de-charite\\\/\"]}]},{\"@type\":\"ImageObject\",\"inLanguage\":\"fr-FR\",\"@id\":\"https:\\\/\\\/www.connectwithus.ca\\\/event\\\/soiree-de-pates-de-charite\\\/#primaryimage\",\"url\":\"https:\\\/\\\/www.connectwithus.ca\\\/wp-content\\\/uploads\\\/2022\\\/11\\\/1-1.png\",\"contentUrl\":\"https:\\\/\\\/www.connectwithus.ca\\\/wp-content\\\/uploads\\\/2022\\\/11\\\/1-1.png\",\"width\":1080,\"height\":1080},{\"@type\":\"BreadcrumbList\",\"@id\":\"https:\\\/\\\/www.connectwithus.ca\\\/event\\\/soiree-de-pates-de-charite\\\/#breadcrumb\",\"itemListElement\":[{\"@type\":\"ListItem\",\"position\":1,\"name\":\"Home\",\"item\":\"https:\\\/\\\/www.connectwithus.ca\\\/\"},{\"@type\":\"ListItem\",\"position\":2,\"name\":\"Events\",\"item\":\"https:\\\/\\\/www.connectwithus.ca\\\/events\\\/\"},{\"@type\":\"ListItem\",\"position\":3,\"name\":\"Soir\u00e9e de p\u00e2tes de charit\u00e9\"}]},{\"@type\":\"WebSite\",\"@id\":\"https:\\\/\\\/www.connectwithus.ca\\\/#website\",\"url\":\"https:\\\/\\\/www.connectwithus.ca\\\/\",\"name\":\"Connections Early Years Family Centre\",\"description\":\"Healthy development of families and their children in Windsor-Essex County.\",\"potentialAction\":[{\"@type\":\"SearchAction\",\"target\":{\"@type\":\"EntryPoint\",\"urlTemplate\":\"https:\\\/\\\/www.connectwithus.ca\\\/?s={search_term_string}\"},\"query-input\":{\"@type\":\"PropertyValueSpecification\",\"valueRequired\":true,\"valueName\":\"search_term_string\"}}],\"inLanguage\":\"fr-FR\"}]}<\/script>\n<!-- \/ Yoast SEO plugin. -->","yoast_head_json":{"title":"Soir\u00e9e de p\u00e2tes de charit\u00e9 - Connections Early Years Family Centre","robots":{"index":"index","follow":"follow","max-snippet":"max-snippet:-1","max-image-preview":"max-image-preview:large","max-video-preview":"max-video-preview:-1"},"canonical":"https:\/\/www.connectwithus.ca\/event\/soiree-de-pates-de-charite\/","og_locale":"fr_FR","og_type":"article","og_title":"Soir\u00e9e de p\u00e2tes de charit\u00e9 - Connections Early Years Family Centre","og_url":"https:\/\/www.connectwithus.ca\/event\/soiree-de-pates-de-charite\/","og_site_name":"Connections Early Years Family Centre","twitter_card":"summary_large_image","schema":{"@context":"https:\/\/schema.org","@graph":[{"@type":"WebPage","@id":"https:\/\/www.connectwithus.ca\/event\/soiree-de-pates-de-charite\/","url":"https:\/\/www.connectwithus.ca\/event\/soiree-de-pates-de-charite\/","name":"Soir\u00e9e de p\u00e2tes de charit\u00e9 - Connections Early Years Family Centre","isPartOf":{"@id":"https:\/\/www.connectwithus.ca\/#website"},"primaryImageOfPage":{"@id":"https:\/\/www.connectwithus.ca\/event\/soiree-de-pates-de-charite\/#primaryimage"},"image":{"@id":"https:\/\/www.connectwithus.ca\/event\/soiree-de-pates-de-charite\/#primaryimage"},"thumbnailUrl":"https:\/\/www.connectwithus.ca\/wp-content\/uploads\/2022\/11\/1-1.png","datePublished":"2022-12-05T15:06:43+00:00","breadcrumb":{"@id":"https:\/\/www.connectwithus.ca\/event\/soiree-de-pates-de-charite\/#breadcrumb"},"inLanguage":"fr-FR","potentialAction":[{"@type":"ReadAction","target":["https:\/\/www.connectwithus.ca\/event\/soiree-de-pates-de-charite\/"]}]},{"@type":"ImageObject","inLanguage":"fr-FR","@id":"https:\/\/www.connectwithus.ca\/event\/soiree-de-pates-de-charite\/#primaryimage","url":"https:\/\/www.connectwithus.ca\/wp-content\/uploads\/2022\/11\/1-1.png","contentUrl":"https:\/\/www.connectwithus.ca\/wp-content\/uploads\/2022\/11\/1-1.png","width":1080,"height":1080},{"@type":"BreadcrumbList","@id":"https:\/\/www.connectwithus.ca\/event\/soiree-de-pates-de-charite\/#breadcrumb","itemListElement":[{"@type":"ListItem","position":1,"name":"Home","item":"https:\/\/www.connectwithus.ca\/"},{"@type":"ListItem","position":2,"name":"Events","item":"https:\/\/www.connectwithus.ca\/events\/"},{"@type":"ListItem","position":3,"name":"Soir\u00e9e de p\u00e2tes de charit\u00e9"}]},{"@type":"WebSite","@id":"https:\/\/www.connectwithus.ca\/#website","url":"https:\/\/www.connectwithus.ca\/","name":"Connections Early Years Family Centre","description":"Healthy development of families and their children in Windsor-Essex County.","potentialAction":[{"@type":"SearchAction","target":{"@type":"EntryPoint","urlTemplate":"https:\/\/www.connectwithus.ca\/?s={search_term_string}"},"query-input":{"@type":"PropertyValueSpecification","valueRequired":true,"valueName":"search_term_string"}}],"inLanguage":"fr-FR"}]}},"_links":{"self":[{"href":"https:\/\/www.connectwithus.ca\/fr\/wp-json\/wp\/v2\/tribe_events\/1740","targetHints":{"allow":["GET"]}}],"collection":[{"href":"https:\/\/www.connectwithus.ca\/fr\/wp-json\/wp\/v2\/tribe_events"}],"about":[{"href":"https:\/\/www.connectwithus.ca\/fr\/wp-json\/wp\/v2\/types\/tribe_events"}],"author":[{"embeddable":true,"href":"https:\/\/www.connectwithus.ca\/fr\/wp-json\/wp\/v2\/users\/3"}],"version-history":[{"count":0,"href":"https:\/\/www.connectwithus.ca\/fr\/wp-json\/wp\/v2\/tribe_events\/1740\/revisions"}],"wp:featuredmedia":[{"embeddable":true,"href":"https:\/\/www.connectwithus.ca\/fr\/wp-json\/wp\/v2\/media\/1733"}],"wp:attachment":[{"href":"https:\/\/www.connectwithus.ca\/fr\/wp-json\/wp\/v2\/media?parent=1740"}],"wp:term":[{"taxonomy":"post_tag","embeddable":true,"href":"https:\/\/www.connectwithus.ca\/fr\/wp-json\/wp\/v2\/tags?post=1740"},{"taxonomy":"tribe_events_cat","embeddable":true,"href":"https:\/\/www.connectwithus.ca\/fr\/wp-json\/wp\/v2\/tribe_events_cat?post=1740"}],"curies":[{"name":"wp","href":"https:\/\/api.w.org\/{rel}","templated":true}]}}

Soirée de pâtes de charité

<!-- This site is optimized with the Yoast SEO plugin v27.3 - https://yoast.com/product/yoast-seo-wordpress/ -->
<title>Soirée de pâtes de charité - Connections Early Years Family Centre</title>
<meta name="robots" content="index, follow, max-snippet:-1, max-image-preview:large, max-video-preview:-1" />
<link rel="canonical" href="https://www.connectwithus.ca/event/soiree-de-pates-de-charite/" />
<meta property="og:locale" content="fr_FR" />
<meta property="og:type" content="article" />
<meta property="og:title" content="Soirée de pâtes de charité - Connections Early Years Family Centre" />
<meta property="og:url" content="https://www.connectwithus.ca/event/soiree-de-pates-de-charite/" />
<meta property="og:site_name" content="Connections Early Years Family Centre" />
<meta name="twitter:card" content="summary_large_image" />
<script type="application/ld+json" class="yoast-schema-graph">{"@context":"https:\/\/schema.org","@graph":[{"@type":"WebPage","@id":"https:\/\/www.connectwithus.ca\/event\/soiree-de-pates-de-charite\/","url":"https:\/\/www.connectwithus.ca\/event\/soiree-de-pates-de-charite\/","name":"Soirée de pâtes de charité - Connections Early Years Family Centre","isPartOf":{"@id":"https:\/\/www.connectwithus.ca\/#website"},"primaryImageOfPage":{"@id":"https:\/\/www.connectwithus.ca\/event\/soiree-de-pates-de-charite\/#primaryimage"},"image":{"@id":"https:\/\/www.connectwithus.ca\/event\/soiree-de-pates-de-charite\/#primaryimage"},"thumbnailUrl":"https:\/\/www.connectwithus.ca\/wp-content\/uploads\/2022\/11\/1-1.png","datePublished":"2022-12-05T15:06:43+00:00","breadcrumb":{"@id":"https:\/\/www.connectwithus.ca\/event\/soiree-de-pates-de-charite\/#breadcrumb"},"inLanguage":"fr-FR","potentialAction":[{"@type":"ReadAction","target":["https:\/\/www.connectwithus.ca\/event\/soiree-de-pates-de-charite\/"]}]},{"@type":"ImageObject","inLanguage":"fr-FR","@id":"https:\/\/www.connectwithus.ca\/event\/soiree-de-pates-de-charite\/#primaryimage","url":"https:\/\/www.connectwithus.ca\/wp-content\/uploads\/2022\/11\/1-1.png","contentUrl":"https:\/\/www.connectwithus.ca\/wp-content\/uploads\/2022\/11\/1-1.png","width":1080,"height":1080},{"@type":"BreadcrumbList","@id":"https:\/\/www.connectwithus.ca\/event\/soiree-de-pates-de-charite\/#breadcrumb","itemListElement":[{"@type":"ListItem","position":1,"name":"Home","item":"https:\/\/www.connectwithus.ca\/"},{"@type":"ListItem","position":2,"name":"Events","item":"https:\/\/www.connectwithus.ca\/events\/"},{"@type":"ListItem","position":3,"name":"Soirée de pâtes de charité"}]},{"@type":"WebSite","@id":"https:\/\/www.connectwithus.ca\/#website","url":"https:\/\/www.connectwithus.ca\/","name":"Connections Early Years Family Centre","description":"Healthy development of families and their children in Windsor-Essex County.","potentialAction":[{"@type":"SearchAction","target":{"@type":"EntryPoint","urlTemplate":"https:\/\/www.connectwithus.ca\/?s={search_term_string}"},"query-input":{"@type":"PropertyValueSpecification","valueRequired":true,"valueName":"search_term_string"}}],"inLanguage":"fr-FR"}]}</script>
<!-- / Yoast SEO plugin. -->

Soirée de pâtes de charité - Connections Early Years Family Centre
